{"id":7887,"date":"2024-10-27T15:24:38","date_gmt":"2024-10-27T14:24:38","guid":{"rendered":"https:\/\/www.micoulou-photos.com\/?page_id=7887"},"modified":"2024-11-18T02:42:14","modified_gmt":"2024-11-18T01:42:14","slug":"videoreportage","status":"publish","type":"page","link":"https:\/\/www.micoulou-photos.com\/index.php\/videoreportage\/","title":{"rendered":"Videoreportage"},"content":{"rendered":"\t\t<div data-elementor-type=\"wp-page\" data-elementor-id=\"7887\" class=\"elementor elementor-7887\" data-elementor-post-type=\"page\">\n\t\t\t\t\t\t<section class=\"elementor-section elementor-top-section elementor-element elementor-element-27c24d30 elementor-section-boxed elementor-section-height-default elementor-section-height-default\" data-id=\"27c24d30\" data-element_type=\"section\" data-e-type=\"section\">\n\t\t\t\t\t\t<div class=\"elementor-container elementor-column-gap-default\">\n\t\t\t\t\t<div class=\"elementor-column elementor-col-100 elementor-top-column elementor-element elementor-element-784cae2f\" data-id=\"784cae2f\" data-element_type=\"column\" data-e-type=\"column\">\n\t\t\t<div class=\"elementor-widget-wrap elementor-element-populated\">\n\t\t\t\t\t\t<div class=\"elementor-element elementor-element-27b4869a elementor-widget elementor-widget-text-editor\" data-id=\"27b4869a\" data-element_type=\"widget\" data-e-type=\"widget\" data-widget_type=\"text-editor.default\">\n\t\t\t\t<div class=\"elementor-widget-container\">\n\t\t\t\t\t\t\t\t\t\n<p>De la photographie \u00e0 la vid\u00e9o, il n&rsquo;y a qu&rsquo;un pas, que j&rsquo;ai franchi, au d\u00e9part en 2010 pour des raisons professionnelles, puis au fur et \u00e0 mesure, j&rsquo;ai appris les contraintes de la vid\u00e9o : \u00e9clairages, color-grade, montage&#8230;<\/p>\n<p>Je vous pr\u00e9sente ici mes reportages videos.<\/p>\n\t\t\t\t\t\t\t\t<\/div>\n\t\t\t\t<\/div>\n\t\t\t\t\t<\/div>\n\t\t<\/div>\n\t\t\t\t\t<\/div>\n\t\t<\/section>\n\t\t\t\t<section class=\"elementor-section elementor-top-section elementor-element elementor-element-0a8adf0 elementor-section-boxed elementor-section-height-default elementor-section-height-default\" data-id=\"0a8adf0\" data-element_type=\"section\" data-e-type=\"section\">\n\t\t\t\t\t\t<div class=\"elementor-container elementor-column-gap-default\">\n\t\t\t\t\t<div class=\"elementor-column elementor-col-100 elementor-top-column elementor-element elementor-element-26e2f5c\" data-id=\"26e2f5c\" data-element_type=\"column\" data-e-type=\"column\">\n\t\t\t<div class=\"elementor-widget-wrap elementor-element-populated\">\n\t\t\t\t\t\t<div class=\"elementor-element elementor-element-9184d0a elementor-skin-carousel elementor-arrows-yes elementor-pagination-type-bullets elementor-pagination-position-outside elementor-widget elementor-widget-media-carousel\" data-id=\"9184d0a\" data-element_type=\"widget\" data-e-type=\"widget\" data-settings=\"{&quot;skin&quot;:&quot;carousel&quot;,&quot;effect&quot;:&quot;slide&quot;,&quot;show_arrows&quot;:&quot;yes&quot;,&quot;pagination&quot;:&quot;bullets&quot;,&quot;speed&quot;:500,&quot;autoplay&quot;:&quot;yes&quot;,&quot;autoplay_speed&quot;:5000,&quot;loop&quot;:&quot;yes&quot;,&quot;pause_on_hover&quot;:&quot;yes&quot;,&quot;pause_on_interaction&quot;:&quot;yes&quot;,&quot;space_between&quot;:{&quot;unit&quot;:&quot;px&quot;,&quot;size&quot;:10,&quot;sizes&quot;:[]},&quot;space_between_tablet&quot;:{&quot;unit&quot;:&quot;px&quot;,&quot;size&quot;:10,&quot;sizes&quot;:[]},&quot;space_between_mobile&quot;:{&quot;unit&quot;:&quot;px&quot;,&quot;size&quot;:10,&quot;sizes&quot;:[]}}\" data-widget_type=\"media-carousel.default\">\n\t\t\t\t<div class=\"elementor-widget-container\">\n\t\t\t\t\t\t\t\t\t<div class=\"elementor-swiper\">\n\t\t\t\t\t<div class=\"elementor-main-swiper swiper\" role=\"region\" aria-roledescription=\"carousel\" aria-label=\"Diapositives\">\n\t\t\t\t<div class=\"swiper-wrapper\">\n\t\t\t\t\t\t\t\t\t\t\t<div class=\"swiper-slide\" role=\"group\" aria-roledescription=\"slide\">\n\t\t\t\t\t\t\t<a href=\"https:\/\/www.youtube.com\/watch?v=E8soehEKKpU\">\t\t<div class=\"elementor-carousel-image\" role=\"img\" aria-label=\"adapei16\" style=\"background-image: url(&#039;https:\/\/i0.wp.com\/www.micoulou-photos.com\/wp-content\/uploads\/2024\/10\/adapei16.webp?fit=1280%2C720&amp;ssl=1&#039;)\">\n\n\t\t\t\n\t\t\t\t\t<\/div>\n\t\t<\/a>\t\t\t\t\t\t<\/div>\n\t\t\t\t\t\t\t\t\t\t\t<div class=\"swiper-slide\" role=\"group\" aria-roledescription=\"slide\">\n\t\t\t\t\t\t\t<a href=\"https:\/\/youtu.be\/QpLPG_eVN5o\">\t\t<div class=\"elementor-carousel-image\" role=\"img\" aria-label=\"mq2\" style=\"background-image: url(&#039;https:\/\/i0.wp.com\/www.micoulou-photos.com\/wp-content\/uploads\/2024\/10\/mq2.webp?fit=320%2C180&amp;ssl=1&#039;)\">\n\n\t\t\t\n\t\t\t\t\t<\/div>\n\t\t<\/a>\t\t\t\t\t\t<\/div>\n\t\t\t\t\t\t\t\t\t\t\t<div class=\"swiper-slide\" role=\"group\" aria-roledescription=\"slide\">\n\t\t\t\t\t\t\t<a href=\"https:\/\/youtu.be\/qOipvS-MVRE\">\t\t<div class=\"elementor-carousel-image\" role=\"img\" aria-label=\"mq23\" style=\"background-image: url(&#039;https:\/\/i0.wp.com\/www.micoulou-photos.com\/wp-content\/uploads\/2024\/10\/mq23.webp?fit=320%2C180&amp;ssl=1&#039;)\">\n\n\t\t\t\n\t\t\t\t\t<\/div>\n\t\t<\/a>\t\t\t\t\t\t<\/div>\n\t\t\t\t\t\t\t\t\t\t\t<div class=\"swiper-slide\" role=\"group\" aria-roledescription=\"slide\">\n\t\t\t\t\t\t\t<a href=\"https:\/\/youtu.be\/J5vFJNkxSYk\">\t\t<div class=\"elementor-carousel-image\" role=\"img\" aria-label=\"mq1\" style=\"background-image: url(&#039;https:\/\/i0.wp.com\/www.micoulou-photos.com\/wp-content\/uploads\/2024\/10\/mq1.webp?fit=320%2C180&amp;ssl=1&#039;)\">\n\n\t\t\t\n\t\t\t\t\t<\/div>\n\t\t<\/a>\t\t\t\t\t\t<\/div>\n\t\t\t\t\t\t\t\t\t\t\t<div class=\"swiper-slide\" role=\"group\" aria-roledescription=\"slide\">\n\t\t\t\t\t\t\t<a href=\"https:\/\/youtu.be\/CARr8fCrt2I\">\t\t<div class=\"elementor-carousel-image\" role=\"img\" aria-label=\"maxresdefault\" style=\"background-image: url(&#039;https:\/\/i0.wp.com\/www.micoulou-photos.com\/wp-content\/uploads\/2024\/10\/maxresdefault.webp?fit=1280%2C720&amp;ssl=1&#039;)\">\n\n\t\t\t\n\t\t\t\t\t<\/div>\n\t\t<\/a>\t\t\t\t\t\t<\/div>\n\t\t\t\t\t\t\t\t\t<\/div>\n\t\t\t\t\t\t\t\t\t\t\t\t\t\t\t<div class=\"elementor-swiper-button elementor-swiper-button-prev\" role=\"button\" tabindex=\"0\" aria-label=\"Pr\u00e9c\u00e9dent\">\n\t\t\t\t\t\t\t<i aria-hidden=\"true\" class=\"eicon-chevron-left\"><\/i>\t\t\t\t\t\t<\/div>\n\t\t\t\t\t\t<div class=\"elementor-swiper-button elementor-swiper-button-next\" role=\"button\" tabindex=\"0\" aria-label=\"Suivant\">\n\t\t\t\t\t\t\t<i aria-hidden=\"true\" class=\"eicon-chevron-right\"><\/i>\t\t\t\t\t\t<\/div>\n\t\t\t\t\t\t\t\t\t\t\t\t\t\t\t\t<div class=\"swiper-pagination\"><\/div>\n\t\t\t\t\t\t\t\t\t\t\t\t<\/div>\n\t\t\t\t<\/div>\n\t\t\t\t\t\t\t\t<\/div>\n\t\t\t\t<\/div>\n\t\t\t\t\t<\/div>\n\t\t<\/div>\n\t\t\t\t\t<\/div>\n\t\t<\/section>\n\t\t\t\t<section class=\"elementor-section elementor-top-section elementor-element elementor-element-9d2a714 elementor-section-boxed elementor-section-height-default elementor-section-height-default\" data-id=\"9d2a714\" data-element_type=\"section\" data-e-type=\"section\">\n\t\t\t\t\t\t<div class=\"elementor-container elementor-column-gap-default\">\n\t\t\t\t\t<div class=\"elementor-column elementor-col-100 elementor-top-column elementor-element elementor-element-0e4aab4\" data-id=\"0e4aab4\" data-element_type=\"column\" data-e-type=\"column\">\n\t\t\t<div class=\"elementor-widget-wrap elementor-element-populated\">\n\t\t\t\t\t\t<div class=\"elementor-element elementor-element-9ff9dbd elementor-widget elementor-widget-heading\" data-id=\"9ff9dbd\" data-element_type=\"widget\" data-e-type=\"widget\" data-widget_type=\"heading.default\">\n\t\t\t\t<div class=\"elementor-widget-container\">\n\t\t\t\t\t<h2 class=\"elementor-heading-title elementor-size-default\">Mon premier court metrage<\/h2>\t\t\t\t<\/div>\n\t\t\t\t<\/div>\n\t\t\t\t<div class=\"elementor-element elementor-element-82f2ec2 elementor-widget elementor-widget-video\" data-id=\"82f2ec2\" data-element_type=\"widget\" data-e-type=\"widget\" data-settings=\"{&quot;youtube_url&quot;:&quot;https:\\\/\\\/youtu.be\\\/qxxA4oz8Bzw&quot;,&quot;video_type&quot;:&quot;youtube&quot;,&quot;controls&quot;:&quot;yes&quot;}\" data-widget_type=\"video.default\">\n\t\t\t\t<div class=\"elementor-widget-container\">\n\t\t\t\t\t\t\t<div class=\"elementor-wrapper elementor-open-inline\">\n\t\t\t<div class=\"elementor-video\"><\/div>\t\t<\/div>\n\t\t\t\t\t\t<\/div>\n\t\t\t\t<\/div>\n\t\t\t\t\t<\/div>\n\t\t<\/div>\n\t\t\t\t\t<\/div>\n\t\t<\/section>\n\t\t\t\t<\/div>\n\t\t","protected":false},"excerpt":{"rendered":"<p>De la photographie \u00e0 la vid\u00e9o, il n&rsquo;y a qu&rsquo;un pas, que j&rsquo;ai franchi, au d\u00e9part en 2010 pour des raisons professionnelles, puis au fur et \u00e0 mesure, j&rsquo;ai appris les contraintes de la vid\u00e9o : \u00e9clairages, color-grade, montage&#8230; Je vous pr\u00e9sente ici mes reportages videos. Pr\u00e9c\u00e9dent Suivant Mon premier court metrage<\/p>\n","protected":false},"author":1,"featured_media":0,"parent":0,"menu_order":0,"comment_status":"closed","ping_status":"closed","template":"","meta":{"jetpack_post_was_ever_published":false,"footnotes":""},"class_list":["post-7887","page","type-page","status-publish","hentry"],"yoast_head":"<!-- This site is optimized with the Yoast SEO plugin v27.5 - https:\/\/yoast.com\/product\/yoast-seo-wordpress\/ -->\n<title>Videoreportage - Micoulou Photographie<\/title>\n<meta name=\"robots\" content=\"index, follow, max-snippet:-1, max-image-preview:large, max-video-preview:-1\" \/>\n<link rel=\"canonical\" href=\"https:\/\/www.micoulou-photos.com\/index.php\/videoreportage\/\" \/>\n<meta property=\"og:locale\" content=\"fr_FR\" \/>\n<meta property=\"og:type\" content=\"article\" \/>\n<meta property=\"og:title\" content=\"Videoreportage - Micoulou Photographie\" \/>\n<meta property=\"og:description\" content=\"De la photographie \u00e0 la vid\u00e9o, il n&rsquo;y a qu&rsquo;un pas, que j&rsquo;ai franchi, au d\u00e9part en 2010 pour des raisons professionnelles, puis au fur et \u00e0 mesure, j&rsquo;ai appris les contraintes de la vid\u00e9o : \u00e9clairages, color-grade, montage&#8230; Je vous pr\u00e9sente ici mes reportages videos. Pr\u00e9c\u00e9dent Suivant Mon premier court metrage\" \/>\n<meta property=\"og:url\" content=\"https:\/\/www.micoulou-photos.com\/index.php\/videoreportage\/\" \/>\n<meta property=\"og:site_name\" content=\"Micoulou Photographie\" \/>\n<meta property=\"article:modified_time\" content=\"2024-11-18T01:42:14+00:00\" \/>\n<meta name=\"twitter:card\" content=\"summary_large_image\" \/>\n<meta name=\"twitter:label1\" content=\"Dur\u00e9e de lecture estim\u00e9e\" \/>\n\t<meta name=\"twitter:data1\" content=\"1 minute\" \/>\n<script type=\"application\/ld+json\" class=\"yoast-schema-graph\">{\"@context\":\"https:\\\/\\\/schema.org\",\"@graph\":[{\"@type\":\"WebPage\",\"@id\":\"https:\\\/\\\/www.micoulou-photos.com\\\/index.php\\\/videoreportage\\\/\",\"url\":\"https:\\\/\\\/www.micoulou-photos.com\\\/index.php\\\/videoreportage\\\/\",\"name\":\"Videoreportage - Micoulou Photographie\",\"isPartOf\":{\"@id\":\"https:\\\/\\\/www.micoulou-photos.com\\\/#website\"},\"datePublished\":\"2024-10-27T14:24:38+00:00\",\"dateModified\":\"2024-11-18T01:42:14+00:00\",\"breadcrumb\":{\"@id\":\"https:\\\/\\\/www.micoulou-photos.com\\\/index.php\\\/videoreportage\\\/#breadcrumb\"},\"inLanguage\":\"fr-FR\",\"potentialAction\":[{\"@type\":\"ReadAction\",\"target\":[\"https:\\\/\\\/www.micoulou-photos.com\\\/index.php\\\/videoreportage\\\/\"]}]},{\"@type\":\"BreadcrumbList\",\"@id\":\"https:\\\/\\\/www.micoulou-photos.com\\\/index.php\\\/videoreportage\\\/#breadcrumb\",\"itemListElement\":[{\"@type\":\"ListItem\",\"position\":1,\"name\":\"Accueil\",\"item\":\"https:\\\/\\\/www.micoulou-photos.com\\\/\"},{\"@type\":\"ListItem\",\"position\":2,\"name\":\"Videoreportage\"}]},{\"@type\":\"WebSite\",\"@id\":\"https:\\\/\\\/www.micoulou-photos.com\\\/#website\",\"url\":\"https:\\\/\\\/www.micoulou-photos.com\\\/\",\"name\":\"Micoulou Photographie\",\"description\":\"Photographies, Visites virtuelles et formations par Mickael Minarie\",\"publisher\":{\"@id\":\"https:\\\/\\\/www.micoulou-photos.com\\\/#organization\"},\"potentialAction\":[{\"@type\":\"SearchAction\",\"target\":{\"@type\":\"EntryPoint\",\"urlTemplate\":\"https:\\\/\\\/www.micoulou-photos.com\\\/?s={search_term_string}\"},\"query-input\":{\"@type\":\"PropertyValueSpecification\",\"valueRequired\":true,\"valueName\":\"search_term_string\"}}],\"inLanguage\":\"fr-FR\"},{\"@type\":\"Organization\",\"@id\":\"https:\\\/\\\/www.micoulou-photos.com\\\/#organization\",\"name\":\"Micoulou Photographie\",\"url\":\"https:\\\/\\\/www.micoulou-photos.com\\\/\",\"logo\":{\"@type\":\"ImageObject\",\"inLanguage\":\"fr-FR\",\"@id\":\"https:\\\/\\\/www.micoulou-photos.com\\\/#\\\/schema\\\/logo\\\/image\\\/\",\"url\":\"https:\\\/\\\/i0.wp.com\\\/www.micoulou-photos.com\\\/wp-content\\\/uploads\\\/2020\\\/05\\\/cropped-891667_552097324824916_1615181552_o-1.jpg?fit=643%2C722&ssl=1\",\"contentUrl\":\"https:\\\/\\\/i0.wp.com\\\/www.micoulou-photos.com\\\/wp-content\\\/uploads\\\/2020\\\/05\\\/cropped-891667_552097324824916_1615181552_o-1.jpg?fit=643%2C722&ssl=1\",\"width\":643,\"height\":722,\"caption\":\"Micoulou Photographie\"},\"image\":{\"@id\":\"https:\\\/\\\/www.micoulou-photos.com\\\/#\\\/schema\\\/logo\\\/image\\\/\"}}]}<\/script>\n<!-- \/ Yoast SEO plugin. -->","yoast_head_json":{"title":"Videoreportage - Micoulou Photographie","robots":{"index":"index","follow":"follow","max-snippet":"max-snippet:-1","max-image-preview":"max-image-preview:large","max-video-preview":"max-video-preview:-1"},"canonical":"https:\/\/www.micoulou-photos.com\/index.php\/videoreportage\/","og_locale":"fr_FR","og_type":"article","og_title":"Videoreportage - Micoulou Photographie","og_description":"De la photographie \u00e0 la vid\u00e9o, il n&rsquo;y a qu&rsquo;un pas, que j&rsquo;ai franchi, au d\u00e9part en 2010 pour des raisons professionnelles, puis au fur et \u00e0 mesure, j&rsquo;ai appris les contraintes de la vid\u00e9o : \u00e9clairages, color-grade, montage&#8230; Je vous pr\u00e9sente ici mes reportages videos. Pr\u00e9c\u00e9dent Suivant Mon premier court metrage","og_url":"https:\/\/www.micoulou-photos.com\/index.php\/videoreportage\/","og_site_name":"Micoulou Photographie","article_modified_time":"2024-11-18T01:42:14+00:00","twitter_card":"summary_large_image","twitter_misc":{"Dur\u00e9e de lecture estim\u00e9e":"1 minute"},"schema":{"@context":"https:\/\/schema.org","@graph":[{"@type":"WebPage","@id":"https:\/\/www.micoulou-photos.com\/index.php\/videoreportage\/","url":"https:\/\/www.micoulou-photos.com\/index.php\/videoreportage\/","name":"Videoreportage - Micoulou Photographie","isPartOf":{"@id":"https:\/\/www.micoulou-photos.com\/#website"},"datePublished":"2024-10-27T14:24:38+00:00","dateModified":"2024-11-18T01:42:14+00:00","breadcrumb":{"@id":"https:\/\/www.micoulou-photos.com\/index.php\/videoreportage\/#breadcrumb"},"inLanguage":"fr-FR","potentialAction":[{"@type":"ReadAction","target":["https:\/\/www.micoulou-photos.com\/index.php\/videoreportage\/"]}]},{"@type":"BreadcrumbList","@id":"https:\/\/www.micoulou-photos.com\/index.php\/videoreportage\/#breadcrumb","itemListElement":[{"@type":"ListItem","position":1,"name":"Accueil","item":"https:\/\/www.micoulou-photos.com\/"},{"@type":"ListItem","position":2,"name":"Videoreportage"}]},{"@type":"WebSite","@id":"https:\/\/www.micoulou-photos.com\/#website","url":"https:\/\/www.micoulou-photos.com\/","name":"Micoulou Photographie","description":"Photographies, Visites virtuelles et formations par Mickael Minarie","publisher":{"@id":"https:\/\/www.micoulou-photos.com\/#organization"},"potentialAction":[{"@type":"SearchAction","target":{"@type":"EntryPoint","urlTemplate":"https:\/\/www.micoulou-photos.com\/?s={search_term_string}"},"query-input":{"@type":"PropertyValueSpecification","valueRequired":true,"valueName":"search_term_string"}}],"inLanguage":"fr-FR"},{"@type":"Organization","@id":"https:\/\/www.micoulou-photos.com\/#organization","name":"Micoulou Photographie","url":"https:\/\/www.micoulou-photos.com\/","logo":{"@type":"ImageObject","inLanguage":"fr-FR","@id":"https:\/\/www.micoulou-photos.com\/#\/schema\/logo\/image\/","url":"https:\/\/i0.wp.com\/www.micoulou-photos.com\/wp-content\/uploads\/2020\/05\/cropped-891667_552097324824916_1615181552_o-1.jpg?fit=643%2C722&ssl=1","contentUrl":"https:\/\/i0.wp.com\/www.micoulou-photos.com\/wp-content\/uploads\/2020\/05\/cropped-891667_552097324824916_1615181552_o-1.jpg?fit=643%2C722&ssl=1","width":643,"height":722,"caption":"Micoulou Photographie"},"image":{"@id":"https:\/\/www.micoulou-photos.com\/#\/schema\/logo\/image\/"}}]}},"jetpack_sharing_enabled":true,"jetpack_shortlink":"https:\/\/wp.me\/P7zKF4-23d","jetpack-related-posts":[{"id":7898,"url":"https:\/\/www.micoulou-photos.com\/index.php\/les-visites-virtuelles-vr-360\/","url_meta":{"origin":7887,"position":0},"title":"Les visites virtuelles VR 360\u00b0","author":"micoulou","date":"27 octobre 2024","format":false,"excerpt":"Reportage 360\u00b0 \/ VR R\u00e9alisez un reportage complet sur votre propri\u00e9t\u00e9. Je mets en valeur gr\u00e2ce \u00e0 la r\u00e9alisation d'images 360\u00b0 et de vid\u00e9o les lieux int\u00e9ressants. Vos clients pourront ainsi voir les lieux tels qu'ils sont. Le reportage peut contenir un ensemble de photos du lieu, des Visites virtuelles\u2026","rel":"","context":"Article similaire","block_context":{"text":"Article similaire","link":""},"img":{"alt_text":"","src":"","width":0,"height":0},"classes":[]},{"id":3057,"url":"https:\/\/www.micoulou-photos.com\/index.php\/prestations\/","url_meta":{"origin":7887,"position":1},"title":"Prestations","author":"micoulou","date":"21 f\u00e9vrier 2017","format":false,"excerpt":"Reportage 360\u00b0 \/ VR R\u00e9alisez un reportage complet sur votre propri\u00e9t\u00e9.Je met en valeur gr\u00e2ce \u00e0 la r\u00e9alisation d'images 360\u00b0 et de vid\u00e9o les lieux int\u00e9ressants. Vos clients pourront ainsi voir les lieux telle qu'ils sont.Le reportage peut contenir un ensemble de photos du lieu, des Visites virtuelles que je\u2026","rel":"","context":"Article similaire","block_context":{"text":"Article similaire","link":""},"img":{"alt_text":"","src":"https:\/\/i0.wp.com\/www.micoulou-photos.com\/wp-content\/uploads\/2016\/11\/VR360.jpg?fit=900%2C380&ssl=1&resize=350%2C200","width":350,"height":200,"srcset":"https:\/\/i0.wp.com\/www.micoulou-photos.com\/wp-content\/uploads\/2016\/11\/VR360.jpg?fit=900%2C380&ssl=1&resize=350%2C200 1x, https:\/\/i0.wp.com\/www.micoulou-photos.com\/wp-content\/uploads\/2016\/11\/VR360.jpg?fit=900%2C380&ssl=1&resize=525%2C300 1.5x, https:\/\/i0.wp.com\/www.micoulou-photos.com\/wp-content\/uploads\/2016\/11\/VR360.jpg?fit=900%2C380&ssl=1&resize=700%2C400 2x"},"classes":[]},{"id":7922,"url":"https:\/\/www.micoulou-photos.com\/index.php\/techantik\/","url_meta":{"origin":7887,"position":2},"title":"Tech&rsquo;antik","author":"micoulou","date":"27 octobre 2024","format":false,"excerpt":"Je vous pr\u00e9sente ici des appareils ou des technologies anciennes ou atypiques\u2026 D\u00e9couvrez ma s\u00e9rie phare sur l'histoire de l\u2019informatique (ann\u00e9e par ann\u00e9e),\u00a0 et mes vid\u00e9os sur l'histoire des ordinateurs, des syst\u00e8mes d\u2019exploitation, mais aussi de mat\u00e9riel hifi et vid\u00e9o obsol\u00e8te, mais pourtant tellement fun\u2026 Vous pouvez m'aidez sur :\u2026","rel":"","context":"Article similaire","block_context":{"text":"Article similaire","link":""},"img":{"alt_text":"","src":"https:\/\/i0.wp.com\/www.micoulou-photos.com\/wp-content\/uploads\/2024\/11\/bannieretechantik-300x168.jpg?resize=350%2C200&ssl=1","width":350,"height":200},"classes":[]},{"id":7880,"url":"https:\/\/www.micoulou-photos.com\/index.php\/prestations-2\/","url_meta":{"origin":7887,"position":3},"title":"Prestations","author":"micoulou","date":"27 octobre 2024","format":false,"excerpt":"Photo reportage Video reportage Visites virtuelles 360\u00b0 Transmissions de connaissances","rel":"","context":"Article similaire","block_context":{"text":"Article similaire","link":""},"img":{"alt_text":"","src":"","width":0,"height":0},"classes":[]},{"id":5576,"url":"https:\/\/www.micoulou-photos.com\/index.php\/votre-reportage\/","url_meta":{"origin":7887,"position":4},"title":"Votre reportage","author":"micoulou","date":"12 avril 2020","format":false,"excerpt":"Photoreportage Reportage photo sur un \u00e9v\u00e8nement type mariage, anniversaire, f\u00eate... Videoreportage Un reportage vid\u00e9o sur des \u00e9v\u00e8nements culturels, mariages... Visites virtuelles photographie \u00e0 360\u00b0 de type VR pour de la photographie immobili\u00e8re. Micka\u00ebl Minarie, photographe atypique et authentique Je pense \u00eatre authentique car vivant parfois \u00ab dans ma bulle \u00bb,\u2026","rel":"","context":"Article similaire","block_context":{"text":"Article similaire","link":""},"img":{"alt_text":"portrait Mickael Minarie par Lionel","src":"https:\/\/i0.wp.com\/www.micoulou-photos.com\/wp-content\/uploads\/2024\/11\/DSC01451-2-683x1024.jpg?resize=350%2C200&ssl=1","width":350,"height":200,"srcset":"https:\/\/i0.wp.com\/www.micoulou-photos.com\/wp-content\/uploads\/2024\/11\/DSC01451-2-683x1024.jpg?resize=350%2C200&ssl=1 1x, https:\/\/i0.wp.com\/www.micoulou-photos.com\/wp-content\/uploads\/2024\/11\/DSC01451-2-683x1024.jpg?resize=525%2C300&ssl=1 1.5x"},"classes":[]},{"id":3144,"url":"https:\/\/www.micoulou-photos.com\/index.php\/2017\/03\/10\/biographie\/","url_meta":{"origin":7887,"position":5},"title":"Biographie","author":"micoulou","date":"10 mars 2017","format":false,"excerpt":"Apr\u00e8s une formation en informatique \u00e0 Aberdeen, et diverses exp\u00e9riences qui ont li\u00e9 photo, musique et informatique en Europe et Canada, J'ai r\u00e9alis\u00e9 une mission importante chez un d\u00e9veloppeur de logiciel qui d\u00e9veloppait des logiciels d'assemblage d'image et de publication de visites virtuelles. J'ai donc d\u00e9cid\u00e9 de se lancer \u00e0\u2026","rel":"","context":"Article similaire","block_context":{"text":"Article similaire","link":""},"img":{"alt_text":"","src":"","width":0,"height":0},"classes":[]}],"_links":{"self":[{"href":"https:\/\/www.micoulou-photos.com\/index.php\/wp-json\/wp\/v2\/pages\/7887","targetHints":{"allow":["GET"]}}],"collection":[{"href":"https:\/\/www.micoulou-photos.com\/index.php\/wp-json\/wp\/v2\/pages"}],"about":[{"href":"https:\/\/www.micoulou-photos.com\/index.php\/wp-json\/wp\/v2\/types\/page"}],"author":[{"embeddable":true,"href":"https:\/\/www.micoulou-photos.com\/index.php\/wp-json\/wp\/v2\/users\/1"}],"replies":[{"embeddable":true,"href":"https:\/\/www.micoulou-photos.com\/index.php\/wp-json\/wp\/v2\/comments?post=7887"}],"version-history":[{"count":8,"href":"https:\/\/www.micoulou-photos.com\/index.php\/wp-json\/wp\/v2\/pages\/7887\/revisions"}],"predecessor-version":[{"id":8261,"href":"https:\/\/www.micoulou-photos.com\/index.php\/wp-json\/wp\/v2\/pages\/7887\/revisions\/8261"}],"wp:attachment":[{"href":"https:\/\/www.micoulou-photos.com\/index.php\/wp-json\/wp\/v2\/media?parent=7887"}],"curies":[{"name":"wp","href":"https:\/\/api.w.org\/{rel}","templated":true}]}}